{"id":86,"date":"2024-04-01T21:09:02","date_gmt":"2024-04-01T20:09:02","guid":{"rendered":"https:\/\/www.xn--getrnke-garage-8hb.ch\/?page_id=86"},"modified":"2024-05-21T20:51:18","modified_gmt":"2024-05-21T19:51:18","slug":"weinlager","status":"publish","type":"page","link":"https:\/\/www.xn--getrnke-garage-8hb.ch\/?page_id=86","title":{"rendered":"Weinlager"},"content":{"rendered":"\n<div class=\"wp-block-cover alignfull is-light\" style=\"min-height:150px;aspect-ratio:unset;\"><span aria-hidden=\"true\" class=\"wp-block-cover__background has-nv-site-bg-background-color has-background-dim-100 has-background-dim\"><\/span><div class=\"wp-block-cover__inner-container is-layout-flow wp-block-cover-is-layout-flow\">\n<div class=\"wp-block-group\"><div class=\"wp-block-group__inner-container is-layout-flow wp-block-group-is-layout-flow\">\n<h1 class=\"wp-block-heading has-text-align-left has-neve-text-color-color has-text-color\">Weinlager Fehraltorf<\/h1>\n\n\n\n<p class=\"has-neve-text-color-color has-text-color\" style=\"font-size:22px\">Wir vermieten klimatisierte Abteile f\u00fcr Wein&nbsp;<\/p>\n<\/div><\/div>\n<\/div><\/div>\n\n\n\n<div class=\"wp-block-cover alignfull is-light\" style=\"min-height:770px;aspect-ratio:unset;\"><span aria-hidden=\"true\" class=\"wp-block-cover__background has-nv-light-bg-background-color has-background-dim-100 has-background-dim\"><\/span><div class=\"wp-block-cover__inner-container is-layout-flow wp-block-cover-is-layout-flow\">\n<div class=\"wp-block-group\"><div class=\"wp-block-group__inner-container is-layout-flow wp-block-group-is-layout-flow\">\n<div class=\"wp-block-columns is-layout-flex wp-container-core-columns-is-layout-9d6595d7 wp-block-columns-is-layout-flex\">\n<div class=\"wp-block-column is-layout-flow wp-block-column-is-layout-flow\" style=\"flex-basis:60%\">\n<figure class=\"wp-block-image\"><img decoding=\"async\" src=\"https:\/\/weinlager-fehraltorf.ch\/wp-content\/uploads\/2023\/01\/Weinkisten.jpg\" alt=\"\"\/><\/figure>\n<\/div>\n\n\n\n<div class=\"wp-block-column is-layout-flow wp-block-column-is-layout-flow\" style=\"flex-basis:40%\">\n<p class=\"has-neve-text-color-color has-text-color\">Auf total 150m<sup>2<\/sup> bieten wir in verschiedenen Gr\u00f6ssen klimatisierte Weinlagerabteile zum mieten. Von 1.5m<sup>2<\/sup> bis 21m<sup>2<\/sup> ist f\u00fcr jeden etwas dabei. Ihre Weine sind nur f\u00fcr Sie 24h zug\u00e4nglich (eigener Schl\u00fcssel). Das Lagergeb\u00e4ude ist video\u00fcberwacht und bietet f\u00fcr alle Mieter gratis Internetzugang.<\/p>\n\n\n\n<p class=\"has-neve-text-color-color has-text-color\">Wir k\u00fchlen mit unserem eigenen Solarstrom!<\/p>\n\n\n\n<div class=\"wp-block-buttons is-layout-flex wp-block-buttons-is-layout-flex\">\n<div class=\"wp-block-button is-style-primary\"><a class=\"wp-block-button__link wp-element-button\" href=\"http:\/\/weinlager-fehraltorf.ch\" target=\"_blank\" rel=\"noreferrer noopener\">ZUM WEINLAGER<\/a><\/div>\n<\/div>\n\n\n\n<div style=\"height:25px\" aria-hidden=\"true\" class=\"wp-block-spacer\"><\/div>\n\n\n\n<hr class=\"wp-block-separator has-css-opacity has-text-color has-neve-text-color-color has-neve-text-color-background-color has-background is-style-default\"\/>\n\n\n\n<div style=\"height:25px\" aria-hidden=\"true\" class=\"wp-block-spacer\"><\/div>\n\n\n\n<p class=\"has-neve-text-color-color has-text-color\">\u201cDas Leben ist viel zu kurz, um schlechten Wein zu trinken.\u201d<\/p>\n\n\n\n<p class=\"has-neve-text-color-color has-text-color\">Johann Wolfgang von Goethe<\/p>\n<\/div>\n<\/div>\n<\/div><\/div>\n<\/div><\/div>\n\n\n\n<div class=\"wp-block-cover alignfull is-light\" style=\"min-height:300px;aspect-ratio:unset;\"><span aria-hidden=\"true\" class=\"wp-block-cover__background has-nv-dark-bg-background-color has-background-dim-100 has-background-dim\"><\/span><div class=\"wp-block-cover__inner-container is-layout-flow wp-block-cover-is-layout-flow\">\n<div style=\"height:30px\" aria-hidden=\"true\" class=\"wp-block-spacer\"><\/div>\n\n\n\n<h2 class=\"wp-block-heading has-text-align-center has-nv-text-dark-bg-color has-text-color\">Besichtige das Weinlager virtuell oder komm vorbei!<\/h2>\n\n\n\n<p class=\"has-text-align-center has-nv-text-dark-bg-color has-text-color has-link-color has-medium-font-size wp-elements-1a527984c71d58aac878ea724cbe4a1c\">Wir freuen uns<\/p>\n\n\n\n<div class=\"wp-block-buttons is-content-justification-center is-layout-flex wp-container-core-buttons-is-layout-16018d1d wp-block-buttons-is-layout-flex\">\n<div class=\"wp-block-button is-style-primary\"><a class=\"wp-block-button__link wp-element-button\" href=\"http:\/\/weinlager-fehraltorf.ch\" target=\"_blank\" rel=\"noreferrer noopener\">ZUM WEINLAGER<\/a><\/div>\n<\/div>\n\n\n\n<div style=\"height:30px\" aria-hidden=\"true\" class=\"wp-block-spacer\"><\/div>\n<\/div><\/div>\n","protected":false},"excerpt":{"rendered":"","protected":false},"author":1,"featured_media":0,"parent":0,"menu_order":0,"comment_status":"closed","ping_status":"closed","template":"","meta":{"neve_meta_sidebar":"","neve_meta_container":"","neve_meta_enable_content_width":"on","neve_meta_content_width":100,"neve_meta_title_alignment":"","neve_meta_author_avatar":"","neve_post_elements_order":"","neve_meta_disable_header":"","neve_meta_disable_footer":"","neve_meta_disable_title":"on","footnotes":""},"class_list":["post-86","page","type-page","status-publish","hentry"],"yoast_head":"<!-- This site is optimized with the Yoast SEO plugin v26.2 - https:\/\/yoast.com\/wordpress\/plugins\/seo\/ -->\n<title>Weinlager - Getr\u00e4nke Garage<\/title>\n<meta name=\"description\" content=\"In klimatisiertem Weinlager verschiedene Abteile zum mieten. 24h zug\u00e4nglich, Lagergeb\u00e4ude video\u00fcberwacht und mit eigenem Solarstrom gek\u00fchlt.\" \/>\n<meta name=\"robots\" content=\"index, follow, max-snippet:-1, max-image-preview:large, max-video-preview:-1\" \/>\n<link rel=\"canonical\" href=\"https:\/\/www.xn--getrnke-garage-8hb.ch\/?page_id=86\" \/>\n<meta property=\"og:locale\" content=\"de_DE\" \/>\n<meta property=\"og:type\" content=\"article\" \/>\n<meta property=\"og:title\" content=\"Weinlager - Getr\u00e4nke Garage\" \/>\n<meta property=\"og:description\" content=\"In klimatisiertem Weinlager verschiedene Abteile zum mieten. 24h zug\u00e4nglich, Lagergeb\u00e4ude video\u00fcberwacht und mit eigenem Solarstrom gek\u00fchlt.\" \/>\n<meta property=\"og:url\" content=\"https:\/\/www.xn--getrnke-garage-8hb.ch\/?page_id=86\" \/>\n<meta property=\"og:site_name\" content=\"Getr\u00e4nke Garage\" \/>\n<meta property=\"article:modified_time\" content=\"2024-05-21T19:51:18+00:00\" \/>\n<meta property=\"og:image\" content=\"https:\/\/weinlager-fehraltorf.ch\/wp-content\/uploads\/2023\/01\/Weinkisten.jpg\" \/>\n<meta name=\"twitter:card\" content=\"summary_large_image\" \/>\n<meta name=\"twitter:label1\" content=\"Gesch\u00e4tzte Lesezeit\" \/>\n\t<meta name=\"twitter:data1\" content=\"1\u00a0Minute\" \/>\n<script type=\"application\/ld+json\" class=\"yoast-schema-graph\">{\"@context\":\"https:\/\/schema.org\",\"@graph\":[{\"@type\":\"WebPage\",\"@id\":\"https:\/\/www.xn--getrnke-garage-8hb.ch\/?page_id=86\",\"url\":\"https:\/\/www.xn--getrnke-garage-8hb.ch\/?page_id=86\",\"name\":\"Weinlager - Getr\u00e4nke Garage\",\"isPartOf\":{\"@id\":\"https:\/\/www.xn--getrnke-garage-8hb.ch\/#website\"},\"primaryImageOfPage\":{\"@id\":\"https:\/\/www.xn--getrnke-garage-8hb.ch\/?page_id=86#primaryimage\"},\"image\":{\"@id\":\"https:\/\/www.xn--getrnke-garage-8hb.ch\/?page_id=86#primaryimage\"},\"thumbnailUrl\":\"https:\/\/weinlager-fehraltorf.ch\/wp-content\/uploads\/2023\/01\/Weinkisten.jpg\",\"datePublished\":\"2024-04-01T20:09:02+00:00\",\"dateModified\":\"2024-05-21T19:51:18+00:00\",\"description\":\"In klimatisiertem Weinlager verschiedene Abteile zum mieten. 24h zug\u00e4nglich, Lagergeb\u00e4ude video\u00fcberwacht und mit eigenem Solarstrom gek\u00fchlt.\",\"breadcrumb\":{\"@id\":\"https:\/\/www.xn--getrnke-garage-8hb.ch\/?page_id=86#breadcrumb\"},\"inLanguage\":\"de-CH\",\"potentialAction\":[{\"@type\":\"ReadAction\",\"target\":[\"https:\/\/www.xn--getrnke-garage-8hb.ch\/?page_id=86\"]}]},{\"@type\":\"ImageObject\",\"inLanguage\":\"de-CH\",\"@id\":\"https:\/\/www.xn--getrnke-garage-8hb.ch\/?page_id=86#primaryimage\",\"url\":\"https:\/\/weinlager-fehraltorf.ch\/wp-content\/uploads\/2023\/01\/Weinkisten.jpg\",\"contentUrl\":\"https:\/\/weinlager-fehraltorf.ch\/wp-content\/uploads\/2023\/01\/Weinkisten.jpg\"},{\"@type\":\"BreadcrumbList\",\"@id\":\"https:\/\/www.xn--getrnke-garage-8hb.ch\/?page_id=86#breadcrumb\",\"itemListElement\":[{\"@type\":\"ListItem\",\"position\":1,\"name\":\"Startseite\",\"item\":\"https:\/\/www.xn--getrnke-garage-8hb.ch\/\"},{\"@type\":\"ListItem\",\"position\":2,\"name\":\"Weinlager\"}]},{\"@type\":\"WebSite\",\"@id\":\"https:\/\/www.xn--getrnke-garage-8hb.ch\/#website\",\"url\":\"https:\/\/www.xn--getrnke-garage-8hb.ch\/\",\"name\":\"Getr\u00e4nke Garage\",\"description\":\"\",\"publisher\":{\"@id\":\"https:\/\/www.xn--getrnke-garage-8hb.ch\/#organization\"},\"potentialAction\":[{\"@type\":\"SearchAction\",\"target\":{\"@type\":\"EntryPoint\",\"urlTemplate\":\"https:\/\/www.xn--getrnke-garage-8hb.ch\/?s={search_term_string}\"},\"query-input\":{\"@type\":\"PropertyValueSpecification\",\"valueRequired\":true,\"valueName\":\"search_term_string\"}}],\"inLanguage\":\"de-CH\"},{\"@type\":\"Organization\",\"@id\":\"https:\/\/www.xn--getrnke-garage-8hb.ch\/#organization\",\"name\":\"Getr\u00e4nke Garage\",\"url\":\"https:\/\/www.xn--getrnke-garage-8hb.ch\/\",\"logo\":{\"@type\":\"ImageObject\",\"inLanguage\":\"de-CH\",\"@id\":\"https:\/\/www.xn--getrnke-garage-8hb.ch\/#\/schema\/logo\/image\/\",\"url\":\"https:\/\/www.xn--getrnke-garage-8hb.ch\/wp-content\/uploads\/2024\/04\/Color-logo-with-background.png\",\"contentUrl\":\"https:\/\/www.xn--getrnke-garage-8hb.ch\/wp-content\/uploads\/2024\/04\/Color-logo-with-background.png\",\"width\":3162,\"height\":1200,\"caption\":\"Getr\u00e4nke Garage\"},\"image\":{\"@id\":\"https:\/\/www.xn--getrnke-garage-8hb.ch\/#\/schema\/logo\/image\/\"}}]}<\/script>\n<!-- \/ Yoast SEO plugin. -->","yoast_head_json":{"title":"Weinlager - Getr\u00e4nke Garage","description":"In klimatisiertem Weinlager verschiedene Abteile zum mieten. 24h zug\u00e4nglich, Lagergeb\u00e4ude video\u00fcberwacht und mit eigenem Solarstrom gek\u00fchlt.","robots":{"index":"index","follow":"follow","max-snippet":"max-snippet:-1","max-image-preview":"max-image-preview:large","max-video-preview":"max-video-preview:-1"},"canonical":"https:\/\/www.xn--getrnke-garage-8hb.ch\/?page_id=86","og_locale":"de_DE","og_type":"article","og_title":"Weinlager - Getr\u00e4nke Garage","og_description":"In klimatisiertem Weinlager verschiedene Abteile zum mieten. 24h zug\u00e4nglich, Lagergeb\u00e4ude video\u00fcberwacht und mit eigenem Solarstrom gek\u00fchlt.","og_url":"https:\/\/www.xn--getrnke-garage-8hb.ch\/?page_id=86","og_site_name":"Getr\u00e4nke Garage","article_modified_time":"2024-05-21T19:51:18+00:00","og_image":[{"url":"https:\/\/weinlager-fehraltorf.ch\/wp-content\/uploads\/2023\/01\/Weinkisten.jpg","type":"","width":"","height":""}],"twitter_card":"summary_large_image","twitter_misc":{"Gesch\u00e4tzte Lesezeit":"1\u00a0Minute"},"schema":{"@context":"https:\/\/schema.org","@graph":[{"@type":"WebPage","@id":"https:\/\/www.xn--getrnke-garage-8hb.ch\/?page_id=86","url":"https:\/\/www.xn--getrnke-garage-8hb.ch\/?page_id=86","name":"Weinlager - Getr\u00e4nke Garage","isPartOf":{"@id":"https:\/\/www.xn--getrnke-garage-8hb.ch\/#website"},"primaryImageOfPage":{"@id":"https:\/\/www.xn--getrnke-garage-8hb.ch\/?page_id=86#primaryimage"},"image":{"@id":"https:\/\/www.xn--getrnke-garage-8hb.ch\/?page_id=86#primaryimage"},"thumbnailUrl":"https:\/\/weinlager-fehraltorf.ch\/wp-content\/uploads\/2023\/01\/Weinkisten.jpg","datePublished":"2024-04-01T20:09:02+00:00","dateModified":"2024-05-21T19:51:18+00:00","description":"In klimatisiertem Weinlager verschiedene Abteile zum mieten. 24h zug\u00e4nglich, Lagergeb\u00e4ude video\u00fcberwacht und mit eigenem Solarstrom gek\u00fchlt.","breadcrumb":{"@id":"https:\/\/www.xn--getrnke-garage-8hb.ch\/?page_id=86#breadcrumb"},"inLanguage":"de-CH","potentialAction":[{"@type":"ReadAction","target":["https:\/\/www.xn--getrnke-garage-8hb.ch\/?page_id=86"]}]},{"@type":"ImageObject","inLanguage":"de-CH","@id":"https:\/\/www.xn--getrnke-garage-8hb.ch\/?page_id=86#primaryimage","url":"https:\/\/weinlager-fehraltorf.ch\/wp-content\/uploads\/2023\/01\/Weinkisten.jpg","contentUrl":"https:\/\/weinlager-fehraltorf.ch\/wp-content\/uploads\/2023\/01\/Weinkisten.jpg"},{"@type":"BreadcrumbList","@id":"https:\/\/www.xn--getrnke-garage-8hb.ch\/?page_id=86#breadcrumb","itemListElement":[{"@type":"ListItem","position":1,"name":"Startseite","item":"https:\/\/www.xn--getrnke-garage-8hb.ch\/"},{"@type":"ListItem","position":2,"name":"Weinlager"}]},{"@type":"WebSite","@id":"https:\/\/www.xn--getrnke-garage-8hb.ch\/#website","url":"https:\/\/www.xn--getrnke-garage-8hb.ch\/","name":"Getr\u00e4nke Garage","description":"","publisher":{"@id":"https:\/\/www.xn--getrnke-garage-8hb.ch\/#organization"},"potentialAction":[{"@type":"SearchAction","target":{"@type":"EntryPoint","urlTemplate":"https:\/\/www.xn--getrnke-garage-8hb.ch\/?s={search_term_string}"},"query-input":{"@type":"PropertyValueSpecification","valueRequired":true,"valueName":"search_term_string"}}],"inLanguage":"de-CH"},{"@type":"Organization","@id":"https:\/\/www.xn--getrnke-garage-8hb.ch\/#organization","name":"Getr\u00e4nke Garage","url":"https:\/\/www.xn--getrnke-garage-8hb.ch\/","logo":{"@type":"ImageObject","inLanguage":"de-CH","@id":"https:\/\/www.xn--getrnke-garage-8hb.ch\/#\/schema\/logo\/image\/","url":"https:\/\/www.xn--getrnke-garage-8hb.ch\/wp-content\/uploads\/2024\/04\/Color-logo-with-background.png","contentUrl":"https:\/\/www.xn--getrnke-garage-8hb.ch\/wp-content\/uploads\/2024\/04\/Color-logo-with-background.png","width":3162,"height":1200,"caption":"Getr\u00e4nke Garage"},"image":{"@id":"https:\/\/www.xn--getrnke-garage-8hb.ch\/#\/schema\/logo\/image\/"}}]}},"_links":{"self":[{"href":"https:\/\/www.xn--getrnke-garage-8hb.ch\/index.php?rest_route=\/wp\/v2\/pages\/86","targetHints":{"allow":["GET"]}}],"collection":[{"href":"https:\/\/www.xn--getrnke-garage-8hb.ch\/index.php?rest_route=\/wp\/v2\/pages"}],"about":[{"href":"https:\/\/www.xn--getrnke-garage-8hb.ch\/index.php?rest_route=\/wp\/v2\/types\/page"}],"author":[{"embeddable":true,"href":"https:\/\/www.xn--getrnke-garage-8hb.ch\/index.php?rest_route=\/wp\/v2\/users\/1"}],"replies":[{"embeddable":true,"href":"https:\/\/www.xn--getrnke-garage-8hb.ch\/index.php?rest_route=%2Fwp%2Fv2%2Fcomments&post=86"}],"version-history":[{"count":17,"href":"https:\/\/www.xn--getrnke-garage-8hb.ch\/index.php?rest_route=\/wp\/v2\/pages\/86\/revisions"}],"predecessor-version":[{"id":199,"href":"https:\/\/www.xn--getrnke-garage-8hb.ch\/index.php?rest_route=\/wp\/v2\/pages\/86\/revisions\/199"}],"wp:attachment":[{"href":"https:\/\/www.xn--getrnke-garage-8hb.ch\/index.php?rest_route=%2Fwp%2Fv2%2Fmedia&parent=86"}],"curies":[{"name":"wp","href":"https:\/\/api.w.org\/{rel}","templated":true}]}}